factor of n and t?
3
Let b be (2 - 7 - -4)*8. Let i be 273/28 + (-2)/b. Let f = i + -6. Calculate the greatest common divisor of f and 32.
4
Suppose 5*q + 4 + 1 = 0. Let s be q - 1/(3/(-498)). Suppose j + 5*o - 35 = -0*j, o - 79 = -5*j. What is the greatest common divisor of s and j?
15
Suppose 5*w - 6*w = -1. Let a be 4 + w + -4 - -15. Calculate the highest common divisor of a and 80.
16
Let a be (-1)/(1 - (-13)/(-12)). Suppose -1147 = -57*i + 221. What is the greatest common divisor of a and i?
12
Let q = -26 - -152. Let d = 274 + -232. What is the highest common factor of d and q?
42
Let f be (-45)/12*(-805 + -7). What is the highest common factor of f and 29?
29
Suppose 3777 = 217*u - 7507. Suppose -4*w = -4*g - 0*g - 1892, -4*w + 2*g = -1882. Calculate the greatest common divisor of u and w.
52
Let k(j) = j - 3. Let f be k(7). Let u(o) = f - 3*o - 7*o + 9*o + 3. Let y be u(6). Calculate the highest common factor of 5 and y.
1
Let i(g) = 23*g**3 - 4*g**2 + 3*g. Let c be i(2). Calculate the highest common factor of 58 and c.
58
Let o = 68 + 174. What is the highest common factor of o and 44?
22
Let w(l) = 12*l**2 - 20*l + 60. Let u be w(3). What is the greatest common divisor of 192 and u?
12
Suppose 0 = 13*l - 2590 - 920. What is the greatest common divisor of l and 10?
10
Let l be (-62)/(-1 - (-1 + -2)). Let q = l + 63. Calculate the highest common factor of q and 80.
16
Let r = -1514 - -1566. Calculate the highest common divisor of 130 and r.
26
Suppose 3*o = -5*i + 11, 5*o = -3*i + o. Let s be (10/i)/(6/168). Suppose -s = -6*m + m. Calculate the greatest common divisor of 126 and m.
14
Let d(n) = -42*n + 84. Let j be d(-4). What is the highest common factor of 567 and j?
63
Suppose 25*m = 28*m + 9. Let y be ((-1)/m)/(4/12). Suppose v - y = 21. What is the greatest common factor of v and 154?
22
Let f be (-56)/21*(-3)/2. Suppose 0 = -f*n + 56 + 8. Calculate the greatest common divisor of n and 4.
4
Suppose 0 = -28*c + 119 - 35. Calculate the greatest common factor of 17 and c.
1
Suppose -4*f + 13 + 65 = -2*z, 5*z - 85 = -4*f. What is the highest common factor of f and 60?
20
Let z = -31 - -77. Suppose n + 5*d = z, -40 = -n - n + 3*d. What is the highest common divisor of n and 26?
26
Let x(l) = 4*l**2 + 38*l - 23. Let j be x(-18). What is the highest common divisor of 62 and j?
31
Suppose 35*i + 3*t = 33*i + 446, -4*i = 4*t - 888. Calculate the highest common divisor of i and 88.
44
Let j = 620 + -420. Suppose 200 = -5*t + 13*t. What is the highest common divisor of t and j?
25
Suppose 83*n = 30*n + 4240. What is the highest common factor of 90 and n?
10
Suppose 5*c = 9*c - 236. Suppose -4*t + 5*h + c = 0, -4*t + 2*h + 14 = -3*t. Calculate the greatest common divisor of t and 128.
16
Suppose -2 - 130 = -2*g. Let x be (-1)/3 + 258/(-9). Let d = 35 + x. What is the greatest common divisor of g and d?
6
Suppose -296*j - 13 = -297*j. Suppose 163 - j = 6*f. What is the highest common divisor of f and 50?
25
Let o(a) = -a**2 - 4 - 8*a - 2*a + 0. Let r be o(-8). Suppose 0 = 49*p - 44*p - 120. Calculate the greatest common divisor of r and p.
12
Let p be 1/((12/(-12))/(-7)). Let r(z) = -63*z. Let t be r(-1). Calculate the highest common divisor of t and p.
7
Let n(s) = -s + 6. Let t be n(10). Let z be (3 - 3)/(-2 - t). Suppose f - 15 + 3 = z. What is the highest common divisor of f and 6?
6
Let o(n) = -n**2 - n + 4. Suppose 4*x - x = 0. Let y be o(x). Let f be 6/y*32/6. Calculate the greatest common factor of f and 80.
8
Let a = -593 - -647. Let o(t) = t**2 + 3*t - 4. Let j be o(-5). Calculate the highest common divisor of j and a.
6
Let w be ((-3)/3)/(-4 + 5)*0. Suppose w = -12*p + 120 + 180. What is the greatest common factor of 175 and p?
25
Let o = -4 - -36. Suppose 10*y - 6*y - 100 = 0. Let k = y + -21. Calculate the highest common divisor of o and k.
4
Let o be (-6)/(1*-12) + 6/4. Suppose -37 - 63 = -o*x. Calculate the greatest common factor of x and 125.
25
Let x(g) = 33*g - 12. Let v be x(4). Calculate the highest common factor of v and 140.
20
Let u(q) = -q**3 - 36*q**2 - 67*q + 43. Let g be u(-34). Suppose -3*i - 800 = -8*i. Let j = i - 97. What is the greatest common factor of j and g?
9
Suppose 14*p + 762 = 17*p. Let s = -98 + p. Let m = s + -68. Calculate the highest common divisor of 11 and m.
11
Let f = 124 + -84. What is the greatest common factor of f and 5?
5
Let w = 28 + -23. Suppose -p = -1, p - 140 = -3*a + w*p. What is the highest common divisor of a and 8?
8
Let d be 25*((-12)/5)/(-2). Let p be 0/(-5) - (93 - 3). Let q be (11/(33/p))/(4 - 6). Calculate the greatest common factor of d and q.
15
Suppose -13*k + 7126 = 2121. Calculate the highest common factor of 616 and k.
77
Let c = -57 + 21. Let t be (-440)/(-6) + (-24)/c. Calculate the highest common factor of 111 and t.
37
Let h be (5 + (-8 - -3))/2. Suppose h = w - 24 - 5. What is the greatest common divisor of w and 232?
29
Suppose 0 = -12*j + 10*j + 6. Suppose -2*n + j*n = 2. Calculate the greatest common divisor of n and 3.
1
Let w = -279 + 332. Calculate the highest common factor of 1 and w.
1
Suppose -165*g - 26 = -167*g. What is the highest common factor of g and 78?
13
Suppose 3*h = 3*u + 1287, -3*h = -8*h - 4*u + 2172. Let y be ((-7)/3)/((-9)/h). Calculate the greatest common factor of 28 and y.
28
Let j be (1/1)/(27/729). Calculate the greatest common divisor of j and 18.
9
Suppose 30*b - 3049 + 259 = 0. What is the highest common divisor of 713 and b?
31
Let m(x) = -3*x**2 + 24*x - 9. Let v be m(7). Let h be (-32)/v*(-108)/16. Calculate the highest common factor of h and 162.
18
Let k be (3 + (-363)/21)*14/(-4). Calculate the greatest common factor of 80 and k.
10
Suppose 6*v - 771 = -45. What is the highest common factor of 605 and v?
121
Suppose 3 = c - 2*z, -3*z = 4*c + 9 + 12. Let l be 117/45 - c/(-5). Calculate the highest common factor of l and 22.
2
Let c be 2/2*(5 - 0). Suppose c*l - w - w - 174 = 0, 3*w - 117 = -3*l. Let x be l/6*(-20)/(-6). What is the greatest common divisor of x and 100?
20
Let x = -630 + 674. What is the greatest common divisor of 286 and x?
22
Suppose -2*f - n - 381 = -1845, 2*f = -3*n + 1472. What is the highest common factor of f and 20?
10
Let s be 1/3 + (-5)/30*-70. Let c(u) = u**3 + 9*u**2 - 6*u - 12. Let d be c(-9). Let p be (-86)/(-7) - 12/d. What is the highest common factor of p and s?
12
Suppose 12*n = 16*n - 3*x - 12107, 3*n + 5*x - 9102 = 0. What is the highest common divisor of n and 26?
13
Suppose -2*i + 27 - 87 = 0. Let s be i/(-5)*10*(-2)/(-8). Suppose 0 = -l - 1 + 16. Calculate the highest common divisor of l and s.
15
Suppose 0 = 9*w - 5*w - 12. Suppose -w*h = -65 - 4. Calculate the greatest common divisor of h and 46.
23
Suppose -4*k = -b - 87, -k + 0*b = -3*b - 8. Let c(n) = -5*n + 15 + n**2 + 6*n - 5*n. Let v be c(-12). What is the highest common divisor of v and k?
23
Suppose -4*z - x = -3, z + 5*x - 3 = -7. Suppose -z = l + 2. Let y be -12*(-1)/(l/(-9)). What is the greatest common factor of y and 12?
12
Let s(t) = t**2 - 12*t + 53. Let u be s(9). What is the greatest common factor of 78 and u?
26
Suppose -4*w + n = -3552, -4*n + 3552 = 4*w - n. What is the greatest common divisor of 24 and w?
24
Suppose 4*y + 127 = 283. Calculate the greatest common factor of y and 13.
13
Let r = -2010 + 2280. Calculate the highest common divisor of 126 and r.
18
Let r = -42 - -81. Suppose 340 = 5*d - 2*k - k, -d - k + 60 = 0. Calculate the greatest common divisor of d and r.
13
Let s(o) = -o**2 - 11*o - 19. Let q be s(-8). Suppose -4*f + 0*f - d = -18, -3*f + 22 = q*d. What is the highest common divisor of f and 36?
4
Let o = 67 + -63. What is the greatest common divisor of 46 and o?
2
Suppose 5*c - 3*i = 2*i - 10, -i + 11 = 2*c. Calculate the greatest common divisor of c and 81.
3
Let y(u) = -u**3 + 10*u**2 - 10*u + 6. Let d be y(6). Calculate the highest common divisor of d and 72.
18
Let r = 22 + -19. Suppose 0 = 3*z - 2*w + 16, 5 = -r*z - 2*w - 3. Let p(a) = 5*a**2 - 3*a - 2. Let b be p(z). What is the highest common factor of b and 30?
30
Let s(a) = -a + 12. Suppose -4*x = -x - 18. Let y be s(x). Calculate the greatest common factor of y and 12.
6
Let l = -435 + 239. Let o be -3 - 2*l/8. Suppose o = 3*c - 119. C